131
List the prime factors of 11684.
2, 23, 127
What are the prime factors of 27130?
2, 5, 2713
What are the prime factors of 935?
5, 11, 17
What are the prime factors of 378?
2, 3, 7
What are the prime factors of 47167?
101, 467
List the prime factors of 4459.
7, 13
What are the prime factors of 10?
2, 5
What are the prime factors of 152327?
7, 47, 463
What are the prime factors of 3261?
3, 1087
What are the prime factors of 44170?
2, 5, 7, 631
List the prime factors of 295.
5, 59
List the prime factors of 10300.
2, 5, 103
List the prime factors of 1603.
7, 229
What are the prime factors of 16018?
2, 8009
What are the prime factors of 3457?
3457
List the prime factors of 309.
3, 103
What are the prime factors of 476?
2, 7, 17
List the prime factors of 3929.
3929
List the prime factors of 991.
991
List the prime factors of 11190.
2, 3, 5, 373
List the prime factors of 583.
11, 53
List the prime factors of 12751.
41, 311
What are the prime factors of 3004?
2, 751
List the prime factors of 12991.
11, 1181
What are the prime factors of 719?
719
List the prime factors of 39858.
2, 3, 7, 13, 73
List the prime factors of 2389.
2389
What are the prime factors of 1709?
1709
List the prime factors of 33095.
5, 6619
What are the prime factors of 3204?
2, 3, 89
What are the prime factors of 54456?
2, 3, 2269
List the prime factors of 3686.
2, 19, 97
List the prime factors of 1249.
1249
List the prime factors of 6657.
3, 7, 317
List the prime factors of 8335.
5, 1667
What are the prime factors of 1073?
29, 37
List the prime factors of 3661.
7, 523
What are the prime factors of 2695?
5, 7, 11
What are the prime factors of 3661?
7, 523
List the prime factors of 24171.
3, 7, 1151
What are the prime factors of 3396?
2, 3, 283
List the prime factors of 149900.
2, 5, 1499
What are the prime factors of 563?
563
What are the prime factors of 3248?
2, 7, 29
List the prime factors of 9175.
5, 367
What are the prime factors of 49597?
49597
What are the prime factors of 156?
2, 3, 13
List the prime factors of 1550.
2, 5, 31
What are the prime factors of 4693?
13, 19
List the prime factors of 182.
2, 7, 13
What are the prime factors of 25973?
19, 1367
List the prime factors of 37254.
2, 3, 7, 887
What are the prime factors of 13741?
7, 13, 151
What are the prime factors of 116636?
2, 13, 2243
List the prime factors of 28089.
3, 3121
What are the prime factors of 36045?
3, 5, 89
What are the prime factors of 30676?
2, 7669
List the prime factors of 91579.
17, 5387
What are the prime factors of 23463?
3, 11, 79
List the prime factors of 815.
5, 163
List the prime factors of 7234.
2, 3617
What are the prime factors of 10377?
3, 1153
What are the prime factors of 337?
337
List the prime factors of 14310.
2, 3, 5, 53
What are the prime factors of 2118?
2, 3, 353
What are the prime factors of 53050?
2, 5, 1061
What are the prime factors of 49268?
2, 109, 113
What are the prime factors of 323?
17, 19
What are the prime factors of 29357?
31, 947
List the prime factors of 127723.
337, 379
What are the prime factors of 24319?
83, 293
List the prime factors of 1495.
5, 13, 23
List the prime factors of 1252.
2, 313
What are the prime factors of 316?
2, 79
List the prime factors of 497.
7, 71
List the prime factors of 19552.
2, 13, 47
List the prime factors of 4760.
2, 5, 7, 17
List the prime factors of 1121.
19, 59
List the prime factors of 13924.
2, 59
What are the prime factors of 6539?
13, 503
List the prime factors of 1672.
2, 11, 19
List the prime factors of 9918.
2, 3, 19, 29
List the prime factors of 51622.
2, 53, 487
List the prime factors of 71510.
2, 5, 7151
List the prime factors of 2593.
2593
List the prime factors of 8502.
2, 3, 13, 109
List the prime factors of 15871.
59, 269
List the prime factors of 1377.
3, 17
List the prime factors of 5829.
3, 29, 67
List the prime factors of 4579.
19, 241
What are the prime factors of 51678?
2, 3, 11, 29
List the prime factors of 33668.
2, 19, 443
What are the prime factors of 195?
3, 5, 13
List the prime factors of 8176.
2, 7, 73
List the prime factors of 8.
2
What are the prime factors of 904?
2, 113
List the prime factors of 6386.
2, 31, 103
What are the prime factors of 634?
2, 317
What are the prime factors of 1287?
3, 11, 13
What are the prime factors of 5355?
3, 5, 7, 17
List the prime factors of 683.
683
List the prime factors of 9184.
2, 7, 41
List the prime factors of 79259.
79259
List the prime factors of 6597.
3, 733
List the prime factors of 9456.
2, 3, 197
What are the prime factors of 13359?
3, 61, 73
What are the prime factors of 34242?
2, 3, 13, 439
List the prime factors of 13789.
13789
List the prime factors of 35330.
2, 5, 3533
What are the prime factors of 51783?
3, 41, 421
List the prime factors of 63058.
2, 41, 769
What are the prime factors of 40851?
3, 17, 89
What are the prime factors of 24202?
2, 12101
What are the prime factors of 2444?
2, 13, 47
What are the prime factors of 8712?
2, 3, 11
What are the prime factors of 61456?
2, 23, 167
What are the prime factors of 2433?
3, 811
List the prime factors of 136.
2, 17
What are the prime factors of 1605?
3, 5, 107
List the prime factors of 130543.
7, 17, 1097
What are the prime factors of 8922?
2, 3, 1487
List the prime factors of 35969.
35969
What are the prime factors of 3573?
3, 397
List the prime factors of 37162.
2, 17, 1093
List the prime factors of 24033.
3, 8011
List the prime factors of 1938.
2, 3, 17, 19
List the prime factors of 183472.
2, 11467
What are the prime factors of 166345?
5, 17, 19, 103
What are the prime factors of 60570?
2, 3, 5, 673
List the prime factors of 2604.
2, 3, 7, 31
List the prime factors of 7425.
3, 5, 11
List the prime factors of 26504.
2, 3313
What are the prime factors of 294?
2, 3, 7
What are the prime factors of 5258?
2, 11, 239
What are the prime factors of 10898?
2, 5449
What are the prime factors of 2292?
2, 3, 191
What are the prime factors of 727?
727
List the prime factors of 3010.
2, 5, 7, 43
List the prime factors of 357.
3, 7, 17
List the prime factors of 65.
5, 13
List the prime factors of 158905.
5, 61, 521
What are the prime factors of 2879?
2879
List the prime factors of 14073.
3, 4691
What are the prime factors of 735?
3, 5, 7
What are the prime factors of 27957?
3, 9319
What are the prime factors of 21083?
29, 727
List the prime factors of 19042.
2, 9521
What are the prime factors of 826?
2, 7, 59
List the prime factors of 1078.
2, 7, 11
What are the prime factors of 158710?
2, 5, 59, 269
What are the prime factors of 39210?
2, 3, 5, 1307
List the prime factors of 8507.
47, 181
List the prime factors of 11728.
2, 733
What are the prime factors of 2717?
11, 13, 19
List the prime factors of 4798.
2, 2399
What are the prime factors of 444?
2, 3, 37
List the prime factors of 78027.
3, 31, 839
List the prime factors of 20587.
7, 17, 173
What are the prime factors of 65957?
65957
What are the prime factors of 25949?
7, 11, 337
List the prime factors of 179698.
2, 89849
What are the prime factors of 3403?
41, 83
What are the prime factors of 2635?
5, 17, 31
List the prime factors of 25950.
2, 3, 5, 173
What are the prime factors of 82?
2, 41
What are the prime factors of 2104?
2, 263
What are the prime factors of 212?
2, 53
List the prime factors of 507.
3, 13
What are the prime factors of 1257?
3, 419
What are the prime factors of 3725?
5, 149
What are the prime factors of 2619?
3, 97
What are the prime factors of 26195?
5, 13, 31
List the prime factors of 27999.
3, 17, 61
What are the prime factors of 7790?
2, 5, 19, 41
List the prime factors of 43162.
2, 7, 3083
What are the prime factors of 324?
2, 3
List the prime factors of 2889.
3, 107
List the prime factors of 402.
2, 3, 67
List the prime factors of 16863.
3, 7, 11, 73
What are the prime factors of 127713?
3, 42571
List the prime factors of 1063.
1063
What are the prime factors of 6471?
3, 719
List the prime factors of 1136.
2, 71
What are the prime factors of 4557?
3, 7, 31
List the prime factors of 1027.
13, 79
What are the prime factors of 10921?
67, 163
What are the prime factors of 41274?
2, 3, 2293
List the prime factors of 335.
5, 67
What are the prime factors of 1756?
2, 439
List the prime factors of 46679.
46679
List the prime factor